{"id":194,"date":"2020-12-20T01:02:22","date_gmt":"2020-12-20T01:02:22","guid":{"rendered":"http:\/\/www.plicsa.cl\/web\/?page_id=194"},"modified":"2020-12-21T23:50:04","modified_gmt":"2020-12-21T23:50:04","slug":"instalaciones-y-montajes","status":"publish","type":"page","link":"https:\/\/www.plicsa.cl\/web\/instalaciones-y-montajes\/","title":{"rendered":"INSTALACIONES Y MONTAJES"},"content":{"rendered":"<p>[vc_row][vc_column width=\u00bb1\/2&#8243;][vc_single_image image=\u00bb213&#8243; img_size=\u00bbfull\u00bb][\/vc_column][vc_column width=\u00bb1\/2&#8243;][vc_column_text]<\/p>\n<p style=\"text-align: justify;\">Contamos con personal altamente calificado para abordar las distintas necesidades del mercado, presentando la opci\u00f3n t\u00e9cnica-econ\u00f3mica m\u00e1s atractiva para el cliente. Entre nuestros servicios disponemos de:<\/p>\n<ul>\n<li style=\"text-align: left;\">Ingenier\u00eda de proyectos y anteproyectos de sistemas de impulsi\u00f3n.<\/li>\n<li style=\"text-align: left;\">Suministro e Instalaci\u00f3n de sistemas de bombeo.<\/li>\n<li style=\"text-align: left;\">Construcci\u00f3n y dise\u00f1o de plantas de Agua Potable y Aguas Servidas.<\/li>\n<li style=\"text-align: left;\">Sistemas de Elevaci\u00f3n de Aguas Lluvia.<\/li>\n<li style=\"text-align: left;\">Dise\u00f1o, suministro e Instalaci\u00f3n de Sistemas contra Incendio, seg\u00fan NFPA 20.<\/li>\n<li style=\"text-align: left;\">Monitoreo de sistemas de impulsi\u00f3n<\/li>\n<li style=\"text-align: left;\">Asesor\u00edas e inspecci\u00f3n t\u00e9cnica.<\/li>\n<li style=\"text-align: left;\">Servicios de operaci\u00f3n de sistemas de impulsi\u00f3n.<\/li>\n<\/ul>\n<p>[\/vc_column_text][\/vc_column][\/vc_row]<\/p>\n","protected":false},"excerpt":{"rendered":"<p>[vc_row][vc_column width=\u00bb1\/2&#8243;][vc_single_image image=\u00bb213&#8243; img_size=\u00bbfull\u00bb][\/vc_column][vc_column width=\u00bb1\/2&#8243;][vc_column_text] Contamos con personal altamente calificado para abordar las distintas necesidades del mercado, presentando la opci\u00f3n t\u00e9cnica-econ\u00f3mica m\u00e1s atractiva para el cliente. Entre nuestros servicios disponemos de: Ingenier\u00eda de proyectos y anteproyectos de sistemas de impulsi\u00f3n. Suministro e Instalaci\u00f3n de sistemas de bombeo. Construcci\u00f3n y dise\u00f1o de plantas de Agua Potable y Aguas Servidas. Sistemas de Elevaci\u00f3n de Aguas Lluvia. Dise\u00f1o, suministro e Instalaci\u00f3n de Sistemas contra Incendio, seg\u00fan NFPA 20. Monitoreo de sistemas de impulsi\u00f3n&hellip;<\/p>\n","protected":false},"author":1,"featured_media":0,"parent":0,"menu_order":0,"comment_status":"closed","ping_status":"open","template":"page-templates\/template-services.php","meta":[],"_links":{"self":[{"href":"https:\/\/www.plicsa.cl\/web\/wp-json\/wp\/v2\/pages\/194"}],"collection":[{"href":"https:\/\/www.plicsa.cl\/web\/wp-json\/wp\/v2\/pages"}],"about":[{"href":"https:\/\/www.plicsa.cl\/web\/wp-json\/wp\/v2\/types\/page"}],"author":[{"embeddable":true,"href":"https:\/\/www.plicsa.cl\/web\/wp-json\/wp\/v2\/users\/1"}],"replies":[{"embeddable":true,"href":"https:\/\/www.plicsa.cl\/web\/wp-json\/wp\/v2\/comments?post=194"}],"version-history":[{"count":2,"href":"https:\/\/www.plicsa.cl\/web\/wp-json\/wp\/v2\/pages\/194\/revisions"}],"predecessor-version":[{"id":217,"href":"https:\/\/www.plicsa.cl\/web\/wp-json\/wp\/v2\/pages\/194\/revisions\/217"}],"wp:attachment":[{"href":"https:\/\/www.plicsa.cl\/web\/wp-json\/wp\/v2\/media?parent=194"}],"curies":[{"name":"wp","href":"https:\/\/api.w.org\/{rel}","templated":true}]}}