{"id":220,"date":"2021-01-02T15:30:05","date_gmt":"2021-01-02T15:30:05","guid":{"rendered":"http:\/\/www.plicsa.cl\/web\/?page_id=220"},"modified":"2021-01-05T13:58:50","modified_gmt":"2021-01-05T13:58:50","slug":"experiencias","status":"publish","type":"page","link":"https:\/\/www.plicsa.cl\/web\/experiencias\/","title":{"rendered":"EXPERIENCIAS"},"content":{"rendered":"<p>[vc_row][vc_column width=\u00bb1\/3&#8243;][vc_images_carousel images=\u00bb228,229,230,231&#8243; img_size=\u00bbmedium\u00bb onclick=\u00bblink_no\u00bb speed=\u00bb3000&#8243; autoplay=\u00bbyes\u00bb hide_prev_next_buttons=\u00bbyes\u00bb wrap=\u00bbyes\u00bb][\/vc_column][vc_column width=\u00bb2\/3&#8243;][vc_column_text]<\/p>\n<h4><b>PENITENCIER\u00cdA SANTIAGO 1 &#8211; COMPASS<\/b><\/h4>\n<ul>\n<li style=\"text-align: left;\">Construcci\u00f3n de 2 estanques de 250 m3 para red Agua Potable<\/li>\n<li style=\"text-align: left;\">Construcci\u00f3n 1 estanque de 250 m3 y mejoramiento RCI<\/li>\n<li style=\"text-align: left;\">Mejoramiento Plantas Elevadoras Aguas Servidas.<\/li>\n<\/ul>\n<p>[\/vc_column_text][\/vc_column][\/vc_row][vc_row][vc_column width=\u00bb1\/3&#8243;][vc_images_carousel images=\u00bb233&#8243; img_size=\u00bbmedium\u00bb onclick=\u00bblink_no\u00bb speed=\u00bb3000&#8243; autoplay=\u00bbyes\u00bb hide_prev_next_buttons=\u00bbyes\u00bb wrap=\u00bbyes\u00bb][\/vc_column][vc_column width=\u00bb2\/3&#8243;][vc_column_text]<\/p>\n<h4><b>PENITENCIER\u00cdA PUERTO MONTT &#8211; COMPASS<\/b><\/h4>\n<ul>\n<li style=\"text-align: left;\">Construcci\u00f3n de 1 estanques de 250 m3 para red Agua Potable e Incendio.<\/li>\n<li style=\"text-align: left;\">Mejoramiento Plantas Elevadoras Aguas Servidas.<\/li>\n<\/ul>\n<p>[\/vc_column_text][\/vc_column][\/vc_row][vc_row][vc_column width=\u00bb1\/3&#8243;][vc_images_carousel images=\u00bb240,237,238&#8243; img_size=\u00bbmedium\u00bb onclick=\u00bblink_no\u00bb speed=\u00bb3000&#8243; autoplay=\u00bbyes\u00bb hide_prev_next_buttons=\u00bbyes\u00bb wrap=\u00bbyes\u00bb][\/vc_column][vc_column width=\u00bb2\/3&#8243;][vc_column_text]<\/p>\n<h4><b>PENITENCIER\u00cdA VALDIVIA &#8211; COMPASS<\/b><\/h4>\n<ul>\n<li style=\"text-align: left;\">Construcci\u00f3n de 1 estanques de 250 m3 para red Agua Potable e Incendio.<\/li>\n<li style=\"text-align: left;\">Mejoramiento Plantas Elevadoras Aguas Servidas.<\/li>\n<\/ul>\n<p>[\/vc_column_text][\/vc_column][\/vc_row][vc_row][vc_column width=\u00bb1\/3&#8243;][vc_images_carousel images=\u00bb243,244,245,246,247&#8243; img_size=\u00bbmedium\u00bb onclick=\u00bblink_no\u00bb speed=\u00bb3000&#8243; autoplay=\u00bbyes\u00bb hide_prev_next_buttons=\u00bbyes\u00bb wrap=\u00bbyes\u00bb][\/vc_column][vc_column width=\u00bb2\/3&#8243;][vc_column_text]<\/p>\n<h4><b>PASOS A NIVEL &#8211; FERROVIAL<\/b><\/h4>\n<ul>\n<li style=\"text-align: left;\">Construcci\u00f3n de 3 Plantas Elevadoras de Agua Lluvias para pasos desnivelados\u00a0 vehiculares para EFE:\n<ul>\n<li>Paso las Ovejas.<\/li>\n<li>Frei Montalva.<\/li>\n<li>Bombero Ossand\u00f3n.<\/li>\n<\/ul>\n<\/li>\n<\/ul>\n<ul>\n<li><strong>PEALL de 15-10 metros de profundidad con:<\/strong>\n<ul>\n<li style=\"text-align: left;\">3 Bomba sumergibles 22Kw.<\/li>\n<li style=\"text-align: left;\">\u00a01 Generador de 50 Kva.<\/li>\n<li style=\"text-align: left;\">\u00a0Empalme trif\u00e1sico.<\/li>\n<li style=\"text-align: left;\">\u00a0Automatizaci\u00f3n y control.<\/li>\n<li style=\"text-align: left;\">\u00a0Puesta en marcha.Liner conexi\u00f3n<\/li>\n<\/ul>\n<\/li>\n<\/ul>\n<p>[\/vc_column_text][\/vc_column][\/vc_row][vc_row][vc_column width=\u00bb1\/3&#8243;][vc_images_carousel images=\u00bb249,250,251,252&#8243; img_size=\u00bbmedium\u00bb onclick=\u00bblink_no\u00bb speed=\u00bb3000&#8243; autoplay=\u00bbyes\u00bb hide_prev_next_buttons=\u00bbyes\u00bb wrap=\u00bbyes\u00bb][\/vc_column][vc_column width=\u00bb2\/3&#8243;][vc_column_text]<\/p>\n<h4><b>COCHERAS L\u00cdNEA 6 DE METRO &#8211; OHL<br \/>\n<\/b><\/h4>\n<p>Suministro e instalaci\u00f3n sistemas:<\/p>\n<ul>\n<li style=\"list-style-type: none;\">\n<ul>\n<li>\u00a0 Agua Potable<\/li>\n<li>\u00a0 Incendio<\/li>\n<li>\u00a0 Sentinas<\/li>\n<\/ul>\n<\/li>\n<\/ul>\n<p>[\/vc_column_text][\/vc_column][\/vc_row][vc_row][vc_column width=\u00bb1\/3&#8243;][vc_images_carousel images=\u00bb255,256,257&#8243; img_size=\u00bbmedium\u00bb onclick=\u00bblink_no\u00bb speed=\u00bb3000&#8243; autoplay=\u00bbyes\u00bb hide_prev_next_buttons=\u00bbyes\u00bb wrap=\u00bbyes\u00bb][\/vc_column][vc_column width=\u00bb2\/3&#8243;][vc_column_text]<\/p>\n<h4><b>PEALL PLAZA PEAJE ANGUSTURA \u2013 RUTA DEL MAIPO<\/b><\/h4>\n<ul>\n<li>Suministro e instalaci\u00f3n sistemas impulsi\u00f3n planta elevadora aguas lluvias.<\/li>\n<\/ul>\n<p>[\/vc_column_text][\/vc_column][\/vc_row][vc_row][vc_column width=\u00bb1\/3&#8243;][vc_images_carousel images=\u00bb259,260&#8243; img_size=\u00bbmedium\u00bb onclick=\u00bblink_no\u00bb speed=\u00bb3000&#8243; autoplay=\u00bbyes\u00bb hide_prev_next_buttons=\u00bbyes\u00bb wrap=\u00bbyes\u00bb][\/vc_column][vc_column width=\u00bb2\/3&#8243;][vc_column_text]<\/p>\n<h4><b>PLANTA BIOCOBRE COPIAPO<\/b><\/h4>\n<p>[\/vc_column_text][\/vc_column][\/vc_row][vc_row][vc_column width=\u00bb1\/3&#8243;][vc_images_carousel images=\u00bb264,265,266&#8243; img_size=\u00bbmedium\u00bb onclick=\u00bblink_no\u00bb speed=\u00bb3000&#8243; autoplay=\u00bbyes\u00bb hide_prev_next_buttons=\u00bbyes\u00bb wrap=\u00bbyes\u00bb][\/vc_column][vc_column width=\u00bb2\/3&#8243;][vc_column_text]<\/p>\n<h4><b>MEJORAMIENTO RCI PARQUE METROPOLITANO<br \/>\n<\/b><\/h4>\n<p>[\/vc_column_text][\/vc_column][\/vc_row][vc_row][vc_column width=\u00bb1\/3&#8243;][vc_images_carousel images=\u00bb268,269,270,271,272,273,274&#8243; img_size=\u00bbmedium\u00bb onclick=\u00bblink_no\u00bb speed=\u00bb3000&#8243; autoplay=\u00bbyes\u00bb hide_prev_next_buttons=\u00bbyes\u00bb wrap=\u00bbyes\u00bb el_class=\u00bbback-white\u00bb][\/vc_column][vc_column width=\u00bb2\/3&#8243;][vc_column_text]<\/p>\n<h4><b>ESTANQUES DE ARIETE &#8211; VALLE CENTRAL II<br \/>\n<\/b><\/h4>\n<p>[\/vc_column_text][\/vc_column][\/vc_row][vc_row][vc_column width=\u00bb1\/3&#8243;][vc_images_carousel images=\u00bb277,278,279&#8243; img_size=\u00bbmedium\u00bb onclick=\u00bblink_no\u00bb speed=\u00bb3000&#8243; autoplay=\u00bbyes\u00bb hide_prev_next_buttons=\u00bbyes\u00bb wrap=\u00bbyes\u00bb el_class=\u00bbback-white\u00bb][\/vc_column][vc_column width=\u00bb2\/3&#8243;][vc_column_text]<\/p>\n<h4><b>SISTEMAS DE IMPULSI\u00d3N<\/b><\/h4>\n<p>&nbsp;<\/p>\n<ul>\n<li>Sistema de Presurizaci\u00f3n de Agua Potable con Frecuencia Variable &#8211;\u00a0 Mall Open Ovalle \u2013 INGEVEC.<\/li>\n<\/ul>\n<p>[\/vc_column_text][\/vc_column][\/vc_row][vc_row][vc_column width=\u00bb1\/3&#8243;][vc_images_carousel images=\u00bb281,282,283,284&#8243; img_size=\u00bbmedium\u00bb onclick=\u00bblink_no\u00bb speed=\u00bb3000&#8243; autoplay=\u00bbyes\u00bb hide_prev_next_buttons=\u00bbyes\u00bb wrap=\u00bbyes\u00bb el_class=\u00bbback-white\u00bb][\/vc_column][vc_column width=\u00bb2\/3&#8243;][vc_column_text]<\/p>\n<h4><b>SISTEMAS DE IMPULSI\u00d3N<\/b><\/h4>\n<ul>\n<li>Sistema de Presurizaci\u00f3n de Agua Potable con Frecuencia Variable &#8211;\u00a0 Mall Costanera Center \u2013 CENCOSUD.<\/li>\n<\/ul>\n<p>[\/vc_column_text][\/vc_column][\/vc_row][vc_row][vc_column width=\u00bb1\/3&#8243;][vc_images_carousel images=\u00bb286,287&#8243; img_size=\u00bbmedium\u00bb onclick=\u00bblink_no\u00bb speed=\u00bb3000&#8243; autoplay=\u00bbyes\u00bb hide_prev_next_buttons=\u00bbyes\u00bb wrap=\u00bbyes\u00bb el_class=\u00bbback-white\u00bb][\/vc_column][vc_column width=\u00bb2\/3&#8243;][vc_column_text]<\/p>\n<h4><b>SKID MOUNTED <\/b><\/h4>\n<ul>\n<li>Bombas Verticales Red de Incendio Normalizada UL FM, Tablero de Fuerza y Control, Piping, V\u00e1lvulas y Montaje.<\/li>\n<\/ul>\n<p>[\/vc_column_text][\/vc_column][\/vc_row][vc_row][vc_column width=\u00bb1\/3&#8243;][vc_images_carousel images=\u00bb289,290,291&#8243; img_size=\u00bbmedium\u00bb onclick=\u00bblink_no\u00bb speed=\u00bb3000&#8243; autoplay=\u00bbyes\u00bb hide_prev_next_buttons=\u00bbyes\u00bb wrap=\u00bbyes\u00bb el_class=\u00bbback-white\u00bb][\/vc_column][vc_column width=\u00bb2\/3&#8243;][vc_column_text]<\/p>\n<h4><b>SKID MOUNTED <\/b><\/h4>\n<ul>\n<li>Bombas el\u00e9ctricas Red de Incendio Normalizada UL FM, Tablero de Fuerza y Control, Piping, V\u00e1lvulas y Montaje.<\/li>\n<\/ul>\n<p>[\/vc_column_text][\/vc_column][\/vc_row][vc_row][vc_column width=\u00bb1\/3&#8243;][vc_images_carousel images=\u00bb293,294&#8243; img_size=\u00bbmedium\u00bb onclick=\u00bblink_no\u00bb speed=\u00bb3000&#8243; autoplay=\u00bbyes\u00bb hide_prev_next_buttons=\u00bbyes\u00bb wrap=\u00bbyes\u00bb el_class=\u00bbback-white\u00bb][\/vc_column][vc_column width=\u00bb2\/3&#8243;][vc_column_text]<\/p>\n<h4><b>RED NFPA \u2013 PUGA MUJICA<br \/>\n<\/b><\/h4>\n<ul>\n<li>Bombas Diesel red de Incendio Normalizada UL FM, Tablero de Fuerza y Control, Piping, V\u00e1lvulas y Montaje.<\/li>\n<\/ul>\n<p>[\/vc_column_text][\/vc_column][\/vc_row][vc_row][vc_column width=\u00bb1\/3&#8243;][vc_images_carousel images=\u00bb296,298,299&#8243; img_size=\u00bbmedium\u00bb onclick=\u00bblink_no\u00bb speed=\u00bb3000&#8243; autoplay=\u00bbyes\u00bb hide_prev_next_buttons=\u00bbyes\u00bb wrap=\u00bbyes\u00bb el_class=\u00bbback-white\u00bb][\/vc_column][vc_column width=\u00bb2\/3&#8243;][vc_column_text]<\/p>\n<h4><b>RED NFPA \u2013 ARAUCO<\/b><\/h4>\n<p>&nbsp;<\/p>\n<ul>\n<li>Bombas Diesel y el\u00e9ctrica red de Incendio Normalizada UL FM, Tablero de Fuerza y Control, Piping, V\u00e1lvulas y Montaje.<\/li>\n<\/ul>\n<p>[\/vc_column_text][\/vc_column][\/vc_row][vc_row][vc_column][vc_column_text]<\/p>\n<h4><strong>OTROS PROYECTOS DESTACADOS<\/strong><\/h4>\n<ul>\n<li style=\"list-style-type: none;\">\n<ul>\n<li>Redes Aguas Lluvias Pasos Inferiores\u00a0 EFE, <b>Ferrovial<\/b> <b>Agroman<\/b><b>.<\/b><\/li>\n<li>Suministro de bombas Verticales. Bocatoma Codelco Andina <b>&#8211; FE GRANDE S.A.<\/b><\/li>\n<li>Suministro de bombas Verticales . CASERONES<\/li>\n<li><b>SCM MINERA LUMINA COPPER CHILE.<\/b><\/li>\n<li>Sistemas de Presurizaci\u00f3n Jumbo Osorno, <b>SALFA.<\/b><\/li>\n<li>Estacionamientos Plaza Condell en Iquique, <b>SALFA.<\/b><\/li>\n<li>Parque Bicentenario, Ex Aeropuerto Cerrillos, <b>KODAMA.<\/b><\/li>\n<li>Jumbo Iquique, <b>SALFA. <\/b><\/li>\n<li>Laguna Santiago Cerrillo, <b>NOVATEC.<\/b><\/li>\n<li>Estaci\u00f3n de Metro Francisco Bilbao, <b>TECSA.<\/b><\/li>\n<li>Red de Riego Estadio San Carlos de Apoquindo, <b>Universidad Cat\u00f3lica.<\/b><\/li>\n<li>Colegio Southern Cross, <b>SALFA.<\/b><\/li>\n<li>Santa Isabel SISA Rep\u00fablica de Chile, Rancagua. <b>SALFA.<\/b><\/li>\n<li>Unimarc Larapinta, <b>TRANCURA.<\/b><\/li>\n<li>Red Agua Potable Hotel San Crist\u00f3bal &#8211; <b>SHERATON.<\/b><\/li>\n<li>Condominio Terrazas del Claro, <b>SOCOVESA.<\/b><\/li>\n<li>P\u00e9rgola de las Flores, Tirso Molina, <b>SALFA.<\/b><\/li>\n<li>Pileta Plaza Ega\u00f1a, Estaci\u00f3n Plaza Ega\u00f1a, <b>OHL.<\/b><\/li>\n<li>Santa Isabel SISA Alto Hospicio, <b>SALFA.<\/b><\/li>\n<li>Condominio Parque Dorsal, <b>HORCOM<\/b>.<\/li>\n<li>H\u00edper L\u00edder San Antonio, <b>SALFA<\/b><\/li>\n<li>Bodegas Alguna, <b>SALFA.<\/b><\/li>\n<li>Red Incendio UL FM Base Naval Talcahuano, Constructora <b>DCB S.A.<\/b><\/li>\n<li>Red Contra Incendio para Planta Danisco Puerto Montt, <b>Dupont M\u00e9xico.<\/b><\/li>\n<li>Red Contra Incendio Cocheras y Talleres L\u00ednea 6 de Metro<b>, OHL.<\/b><\/li>\n<li>Red contra Incendio HOME CENTER EL BELLOTO, <b>SALFA.<\/b><\/li>\n<li>Red contra Incendio Pesquera Los Fiordos\u00a0 X Regi\u00f3n, <b>BESALCO.<\/b><\/li>\n<li>Red contra Incendio Estadio Curic\u00f3, <b>SALFA.<\/b><\/li>\n<li>Red contra Incendio y Agua Industrial\u00a0 TERQUIM ANTOFAGASTA \u2013 <b>SALFA.<\/b><\/li>\n<li>Red contra Incendio UL FM Hospital de Carabineros, <b>SALFA.<\/b><\/li>\n<li>Red contra Incendio UL FM Mutual de Seguridad Concepci\u00f3n, <b>SALFA.<\/b><\/li>\n<li>Red H\u00fameda Hospital LAS HIGUERAS, <b>SALFA.<\/b><\/li>\n<li>Normalizaci\u00f3n Red contra Incendio HYC, <b>HYC.<\/b><\/li>\n<li>Red Contra Incendio Hospital Santa Cruz<b>, SOCOVESA .<\/b><\/li>\n<\/ul>\n<\/li>\n<\/ul>\n<p>[\/vc_column_text][\/vc_column][\/vc_row]<\/p>\n","protected":false},"excerpt":{"rendered":"<p>[vc_row][vc_column width=\u00bb1\/3&#8243;][vc_images_carousel images=\u00bb228,229,230,231&#8243; img_size=\u00bbmedium\u00bb onclick=\u00bblink_no\u00bb speed=\u00bb3000&#8243; autoplay=\u00bbyes\u00bb hide_prev_next_buttons=\u00bbyes\u00bb wrap=\u00bbyes\u00bb][\/vc_column][vc_column width=\u00bb2\/3&#8243;][vc_column_text] PENITENCIER\u00cdA SANTIAGO 1 &#8211; COMPASS Construcci\u00f3n de 2 estanques de 250 m3 para red Agua Potable Construcci\u00f3n 1 estanque de 250 m3 y mejoramiento RCI Mejoramiento Plantas Elevadoras Aguas Servidas. [\/vc_column_text][\/vc_column][\/vc_row][vc_row][vc_column width=\u00bb1\/3&#8243;][vc_images_carousel images=\u00bb233&#8243; img_size=\u00bbmedium\u00bb onclick=\u00bblink_no\u00bb speed=\u00bb3000&#8243; autoplay=\u00bbyes\u00bb hide_prev_next_buttons=\u00bbyes\u00bb wrap=\u00bbyes\u00bb][\/vc_column][vc_column width=\u00bb2\/3&#8243;][vc_column_text] PENITENCIER\u00cdA PUERTO MONTT &#8211; COMPASS Construcci\u00f3n de 1 estanques de 250 m3 para red Agua Potable e Incendio. Mejoramiento Plantas Elevadoras Aguas Servidas. [\/vc_column_text][\/vc_column][\/vc_row][vc_row][vc_column width=\u00bb1\/3&#8243;][vc_images_carousel images=\u00bb240,237,238&#8243; img_size=\u00bbmedium\u00bb onclick=\u00bblink_no\u00bb speed=\u00bb3000&#8243; autoplay=\u00bbyes\u00bb&hellip;<\/p>\n","protected":false},"author":1,"featured_media":0,"parent":0,"menu_order":0,"comment_status":"closed","ping_status":"closed","template":"page-templates\/template-services.php","meta":[],"_links":{"self":[{"href":"https:\/\/www.plicsa.cl\/web\/wp-json\/wp\/v2\/pages\/220"}],"collection":[{"href":"https:\/\/www.plicsa.cl\/web\/wp-json\/wp\/v2\/pages"}],"about":[{"href":"https:\/\/www.plicsa.cl\/web\/wp-json\/wp\/v2\/types\/page"}],"author":[{"embeddable":true,"href":"https:\/\/www.plicsa.cl\/web\/wp-json\/wp\/v2\/users\/1"}],"replies":[{"embeddable":true,"href":"https:\/\/www.plicsa.cl\/web\/wp-json\/wp\/v2\/comments?post=220"}],"version-history":[{"count":32,"href":"https:\/\/www.plicsa.cl\/web\/wp-json\/wp\/v2\/pages\/220\/revisions"}],"predecessor-version":[{"id":307,"href":"https:\/\/www.plicsa.cl\/web\/wp-json\/wp\/v2\/pages\/220\/revisions\/307"}],"wp:attachment":[{"href":"https:\/\/www.plicsa.cl\/web\/wp-json\/wp\/v2\/media?parent=220"}],"curies":[{"name":"wp","href":"https:\/\/api.w.org\/{rel}","templated":true}]}}